245
Let l(i) = 14754*i**2 + 132794*i + 48. Give l(-9).
-24
Let g(k) = 4563*k - 41045. Calculate g(9).
22
Let k(v) = -119*v**2 + 5148*v - 1342. Give k(43).
-9
Let f(w) = -w**2 + 6580*w + 46163. Determine f(-7).
54
Let x(w) = 1865*w + 186502. What is x(-100)?
2
Let p(v) = -8786*v + 210868. Give p(24).
4
Let m(r) = -2*r**3 - 82*r**2 - 62*r + 133. Determine m(-40).
-587
Let v(a) = -75*a**2 - 52445*a - 66310. Give v(-698).
0
Let q(d) = 2*d**3 + 296*d**2 - 4544*d - 1342. Give q(-162).
-46
Let t(i) = -i**3 - 17*i**2 + 60*i + 1086. Determine t(-14).
-342
Let a(f) = -28*f**2 + 427*f - 146. Calculate a(18).
-1532
Let x(w) = 13*w**2 + 1410*w - 3663. What is x(-111)?
0
Let g(i) = -i**2 - 58899*i - 588878. Give g(-10).
12
Let y(p) = p**3 + 62*p**2 + 155*p + 487. Give y(-60).
-1613
Let y(r) = r**2 + 122*r + 3720. Calculate y(-47).
195
Let i(k) = -k**3 + 20*k**2 - 83*k + 229. Give i(10).
399
Let v(c) = -647*c**2 - 2399*c - 2391. Give v(-1).
-639
Let u(y) = -631*y + 29676. What is u(49)?
-1243
Let i(z) = -7*z**3 + 1252*z**2 + 190*z - 1611. What is i(179)?
358
Let x(v) = 4192*v - 16743. Give x(4).
25
Let v(i) = 7103*i - 78204. Calculate v(11).
-71
Let w(k) = -233*k + 2579. Determine w(7).
948
Let n(r) = 1349*r + 61292. What is n(-46)?
-762
Let x(y) = 24*y**2 - 33*y - 189. What is x(-11)?
3078
Let r(y) = -25*y**2 - 12511*y - 5033. Calculate r(-500).
467
Let g(j) = -2*j**3 - 288*j**2 + 2430*j - 285. What is g(-152)?
19
Let n(i) = -28769*i + 115141. What is n(4)?
65
Let s(h) = 27552*h + 137755. Give s(-5).
-5
Let m(x) = -2*x**2 - 56*x + 5855. Determine m(-70).
-25
Let a(k) = 2*k**3 + 330*k**2 + 3390*k + 2. What is a(-11)?
-20
Let g(d) = 3*d**3 + 290*d**2 - 20764*d - 2004712. Give g(-97).
-13
Let k(s) = -6281*s - 257518. What is k(-41)?
3
Let b(z) = -6*z**3 + 206*z**2 - 3299*z + 109858. Calculate b(34).
4
Let b(d) = 410*d**2 + 155404*d + 5317. Determine b(-379).
11
Let k(h) = h**3 + 78*h**2 - 121*h + 9796. What is k(-81)?
-86
Let x(j) = 950*j - 20015. Give x(21).
-65
Let y(t) = t**2 - 4076*t - 1336176. Determine y(-305).
29
Let l(m) = 454*m**3 + 10436*m**2 - 147*m - 208. Determine l(-23).
-1
Let x(l) = 156*l**2 + 108114*l + 4118. What is x(-693)?
-40
Let r(t) = 5*t**2 - 470*t - 8371. Calculate r(-17).
1064
Let v(d) = 4893*d + 27719. Calculate v(-5).
3254
Let w(h) = -h**3 - 27*h**2 + 197*h + 40. Calculate w(6).
34
Let u(f) = 31*f**3 + f**2 - 3973*f - 3975. Give u(-1).
-32
Let q(l) = -210152*l + 420339. Calculate q(2).
35
Let b(o) = -7*o**2 - 257*o + 4455. Determine b(13).
-69
Let v(u) = -2*u**3 + 160*u**2 + 14543*u - 9513. What is v(134)?
1
Let o(g) = 162*g**2 - 3078*g + 9720. What is o(4)?
0
Let n(y) = -y**2 + 84204*y. What is n(0)?
0
Let v(t) = 8*t**3 + 4*t**2 - 941*t - 2870. What is v(-3)?
-227
Let w(b) = b**3 - 494*b**2 + 879*b - 434264. Calculate w(494).
-38
Let b(x) = 4993*x + 204710. Give b(-41).
-3
Let s(a) = 2*a**3 + 99*a**2 - 163*a - 80. What is s(2)?
6
Let g(d) = 3*d**3 - 131*d**2 + 173*d + 566. Give g(42).
-988
Let k(w) = 6339*w**2 + 44385*w + 79. Give k(-7).
-5
Let m(x) = 2*x**3 + 50*x**2 + 88*x - 16. Give m(-2).
-8
Let i(s) = 9796*s + 960003. Determine i(-98).
-5
Let l(r) = r**3 + 683*r**2 - 2788*r - 27489. Give l(-687).
-9
Let i(s) = -791*s - 90421. Give i(-113).
-1038
Let q(d) = -3587*d + 591861. Give q(165).
6
Let k(n) = n**3 + 35*n**2 - 773*n + 1215. Give k(14).
-3
Let l(f) = 1803*f - 8759. Determine l(5).
256
Let l(d) = 14*d**3 + 3224*d**2 - 2278*d + 7388. Calculate l(-231).
-4
Let r(i) = 2083*i**2 - 41724*i - 43. Give r(20).
-1323
Let j(d) = 276*d - 38178. Calculate j(135).
-918
Let k(i) = i**2 - 2716*i + 24369. What is k(9)?
6
Let p(g) = -772*g + 317201. Determine p(411).
-91
Let l(f) = -52*f - 10398. Give l(-255).
2862
Let j(z) = 4879*z - 43891. Give j(9).
20
Let t(c) = 5*c**3 - 1549*c**2 + 2764*c + 2442. Give t(308).
-22
Let r(h) = 2*h**2 + 121*h - 2531. Calculate r(18).
295
Let p(f) = -167*f + 11716. Determine p(70).
26
Let q(x) = x**3 + 47*x**2 + 617*x + 854. Calculate q(-27).
-1225
Let k(a) = 2*a**3 + 4*a**2 - 140*a + 44. Give k(9).
566
Let u(r) = -3148*r + 118344. Determine u(38).
-1280
Let h(j) = -2*j**3 - 87*j**2 - 943*j + 62. Give h(-21).
20
Let s(d) = -107229*d - 213339. What is s(-2)?
1119
Let n(k) = -38351*k - 230041. Give n(-6).
65
Let z(x) = x**3 + 86*x**2 - 145*x + 2233. What is z(-88)?
-495
Let f(d) = -d**2 - 342*d - 24996. Calculate f(-106).
20
Let k(x) = -2*x**3 + 67*x**2 + 218*x + 4760. Calculate k(38).
48
Let r(p) = 5498*p + 1154584. Calculate r(-210).
4
Let p(c) = -c**2 - 19685*c - 628889. Determine p(-32).
7
Let k(c) = -128986*c - 773905. What is k(-6)?
11
Let a(q) = 94202*q - 2826062. Determine a(30).
-2
Let t(w) = w**2 + 93*w + 239. Calculate t(-88).
-201
Let v(t) = 6*t**3 + 53*t**2 + 178*t + 5. Give v(-5).
-310
Let t(r) = -12*r**2 - 617*r + 9670. Calculate t(-64).
6
Let d(u) = -6*u**3 + 4*u**2 + 225*u + 658. Determine d(-3).
181
Let c(p) = -42*p**2 - 15445*p - 41969. What is c(-365)?
6
Let g(n) = -18*n**2 - 67609*n - 135220. Determine g(-2).
-74
Let n(i) = -2*i**3 + 133*i**2 + 332*i - 206. What is n(69)?
-1103
Let o(m) = 34363*m - 5326260. Calculate o(155).
5
Let n(v) = v**2 + 2817*v + 39244. What is n(-14)?
2
Let l(b) = b**3 + 530*b**2 + 1568*b - 6866. Determine l(-527).
-15
Let g(o) = 2*o**2 - 87*o - 1015. Calculate g(60).
965
Let u(c) = -332*c - 23787. Determine u(-72).
117
Let g(x) = -4*x**2 + 228*x - 3649. Calculate g(29).
-401
Let r(b) = -75*b**2 - 4738*b - 816. Determine r(-63).
3
Let w(q) = -83774*q + 1089069. Determine w(13).
7
Let p(q) = -660*q + 4682. What is p(7)?
62
Let k(i) = -i**2 - 267*i - 11366. What is k(-54)?
136
Let q(j) = -7*j**3 + 84*j**2 - 22*j - 600. What is q(11)?
5
Let s(a) = 1249*a + 35240. Calculate s(-31).
-3479
Let b(q) = -897*q + 90601. Give b(101).
4
Let j(h) = 129*h**2 + 675*h + 150. Determine j(-5).
0
Let k(f) = -5466*f + 20095. Calculate k(4).
-1769
Let v(t) = -1024*t**3 + 3*t**2 - 215*t + 213. What is v(1)?
-1023
Let p(x) = -160*x**3 - 7*x**2 - 281*x - 523. Give p(-2).
1291
Let x(v) = 356008*v - 3560083. Determine x(10).
-3
Let a(i) = 3*i**3 - 21*i**2 + 127*i - 157. What is a(4)?
207
Let u(n) = -1645*n + 355329. Calculate u(216).
9
Let a(u) = u**3 - 92*u**2 - 2935*u - 248. What is a(-25)?
2
Let v(g) = -3925*g + 376802. Give v(96).
2
Let i(y) = 901*y - 4569. Give i(4).
-965
Let p(k) = -k**2 - 3750*k + 71659. Calculate p(19).
48
Let s(q) = -q**3 + 4*q**2 + 49*q - 729. Determine s(8).
-593
Let t(w) = 12*w**2 - 3506*w - 48931. Determine t(-14).
2505
Let v(d) = -d**2 - 566*d - 2171. Calculate v(-562).
77
Let p(i) = 2*i**2 - 18531*i + 848187. Determine p(46).
-7
Let i(j) = 19*j**2 - 293*j - 13280. What is i(-20)?
180
Let n(d) = -136*d - 8031. Give n(-59).
-7
Let s(a) = -5*a**3 + 17*a**2 + 1457*a - 4392. What is s(3)?
-3
Let g(i) = 290*i - 20733. Determine g(72).
147
Let i(n) = 38*n + 1140. What is i(-42)?
-456
Let t(r) = -r**2 + 1494*r - 51070. Calculate t(35).
-5
Let r(u) = -u**3 - 9*u**2 - 7*u + 306. Give r(8).
-838
Let o(w) = -68*w - 1342. Calculate o(-20).
18
Let b(k) = 317605*k - 4764080. Determine b(15).
-5
Let j(m) = m**3 + 11*m**2 - 4593*m - 13830. Calculate j(-3).
21
Let d(o) = -7707*o + 38075. Give d(5).
-460
Let n(c) = -2*c**2 - 387*c + 8051. Calculate n(19).
-24
Let l(f) = f**3 + 199*f**2 + 4616*f - 731. What is l(-27)?
25
Let t(i) = -50*i**2 + 66817*i + 66815. Calculate t(-1).
-52
Let r(v) = -20757*v + 124483. What is r(6)?
-59
Let o(g) = 7*g**2 - 5330*g - 566669. Determine o(856).
3
Let l(s) = -3*s**2 - 30*s - 36. Calculate l(6).
-324
Let w(f) = 139*f**2 + 18*f - 11. Give w(2).
581
Let v(k) = -k**2 - 65159*k - 48625016. What is v(-755)?
4
Let t(u) = -u**3 + 51*u**2 + 690*u - 184. What is t(62)?
312
Let h(x) = 6*x**2 - 35746*x + 428145. Give h(12).
57
Let r(i) = 30346*i + 212417. Determine r(-7).
-5
Let k(f) = -f**3 + 4*f**2 + 1534*f - 11944. What is k(8)?
72
Let d(m) = -m**2 + 33*m - 731. Give d(13).
-471
Let y(f) = 4*f**3 - 5*f**2 + 22560*f - 90217. Calculate y(4).
199
Let a(z) = -z**2 + 338*z + 56158. Determine a(460).
38
Let s(x) = 148845*x + 595388. What is s(-4)?
8
Let b(q) = -3704*q - 425957. Calculate b(-115).
3
Let n(u) = -4656*u + 190890. What is n(41)?
-6
Let q(c) = c**3 + 442*c**2 + 1314*c - 733. Calculate q(-439).
584
Let y(x) = x**3 - 47*x**2 + 179*x + 1050. 